{"id":2593,"date":"2021-02-03T18:35:48","date_gmt":"2021-02-03T17:35:48","guid":{"rendered":"https:\/\/lisicavolk.com\/?post_type=product&#038;p=2593"},"modified":"2026-02-05T15:02:57","modified_gmt":"2026-02-05T14:02:57","slug":"trutamora-midi-earrings","status":"publish","type":"product","link":"https:\/\/lisicavolk.com\/slo\/izdelek\/trutamora-midi-earrings\/","title":{"rendered":"Trutamora | Midi uhani"},"content":{"rendered":"<p>Uhani iz orehovega lesa, za\u0161\u010diteni z lanenim oljem.<\/p>\n<p><strong>Osnova iz plemenitega jekla.<\/strong><\/p>\n<p>\u201cTrutamora\u201d ali znana preprosto kot \"mora\" je staro ljudsko znamenje, ki ga lahko \u0161e vedno najdemo v starih hi\u0161ah in hlevih, ki so ga v starih \u010dasih slikali in vrezovali na stene, pohi\u0161tvo in vhodna vrata, da bi zavarovali sebe, svojo dru\u017eino, lastnino in \u017eivali pred nesre\u010do, slabim vremenom in drugimi nevarnostmi. V slovenski folklori je bila \"mora\" \u010drna ma\u010dka, ki se je pono\u010di klatila po vaseh in ljudem prinasala nocne more, zato so \"morino taco\" pogosto upodabljali tudi na zibelkah, da bi z njo zavarovali svoje otroke pred negativnimi silami in zlemi duhovi.<br \/>\nNaj varuje tudi tebe in tvoje bli\u017enje pred vsem zlim in nesre\u010do.<\/p>\n<p>Lahki, elegantni, kot nala\u0161\u010d za vsak dan ali posebne prilo\u017enosti.<\/p>\n<p>Prihaja z ujemajo\u010do se ogrlico in zapestnico.<\/p>\n<p>\ud83c\udf0a \u010ceprav so izdelki za\u0161\u010diteni z nekaj plastmi lanenega olja, so \u0161e vedno izdelani iz lesa in <strong>niso nepremo\u010dljivi<\/strong>.<br \/>\nProsimo, ne potapljajte jih v vodo, raje jih snemite pred plavanjem ali kopanjem.<\/p>\n<p>Izdelki se lahko nekoliko razlikujejo po svoji barvi, saj je vsak kos lesa edinstven s svojimi letnicami, barvo in strukturo.<\/p>","protected":false},"excerpt":{"rendered":"<p>Uhani iz orehovega lesa, za\u0161\u010diteni z lanenim oljem.<\/p>\n<p><strong>Osnova iz plemenitega jekla.<\/strong><\/p>\n<p>\u201cTrutamora\u201d ali znana preprosto kot \"mora\" je staro ljudsko znamenje, ki ga lahko \u0161e vedno najdemo v starih hi\u0161ah in hlevih, ki so ga v starih \u010dasih slikali in vrezovali na stene, pohi\u0161tvo in vhodna vrata, da bi zavarovali sebe, svojo dru\u017eino, lastnino in \u017eivali pred nesre\u010do, slabim vremenom in drugimi nevarnostmi. V slovenski folklori je bila \"mora\" \u010drna ma\u010dka, ki se je pono\u010di klatila po vaseh in ljudem prinasala nocne more, zato so \"morino taco\" pogosto upodabljali tudi na zibelkah, da bi z njo zavarovali svoje otroke pred negativnimi silami in zlemi duhovi.<br \/>\nNaj varuje tudi tebe in tvoje bli\u017enje pred vsem zlim in nesre\u010do.<\/p>\n<p>Lahki, elegantni, kot nala\u0161\u010d za vsak dan ali posebne prilo\u017enosti.<\/p>\n<p>&nbsp;<\/p>","protected":false},"featured_media":2557,"comment_status":"open","ping_status":"closed","template":"","meta":{"site-sidebar-layout":"no-sidebar","site-content-layout":"default","ast-site-content-layout":"default","site-content-style":"default","site-sidebar-style":"default","ast-global-header-display":"","ast-banner-title-visibility":"","ast-main-header-display":"","ast-hfb-above-header-display":"","ast-hfb-below-header-display":"","ast-hfb-mobile-header-display":"","site-post-title":"","ast-breadcrumbs-content":"","ast-featured-img":"","footer-sml-layout":"","ast-disable-related-posts":"","theme-transparent-header-meta":"default","adv-header-id-meta":"","stick-header-meta":"","header-above-stick-meta":"","header-main-stick-meta":"","header-below-stick-meta":"","astra-migrate-meta-layouts":"default","ast-page-background-enabled":"default","ast-page-background-meta":{"desktop":{"background-color":"","background-image":"","background-repeat":"repeat","background-position":"center center","background-size":"auto","background-attachment":"scroll","background-type":"","background-media":"","overlay-type":"","overlay-color":"","overlay-opacity":"","overlay-gradient":""},"tablet":{"background-color":"","background-image":"","background-repeat":"repeat","background-position":"center center","background-size":"auto","background-attachment":"scroll","background-type":"","background-media":"","overlay-type":"","overlay-color":"","overlay-opacity":"","overlay-gradient":""},"mobile":{"background-color":"","background-image":"","background-repeat":"repeat","background-position":"center center","background-size":"auto","background-attachment":"scroll","background-type":"","background-media":"","overlay-type":"","overlay-color":"","overlay-opacity":"","overlay-gradient":""}},"ast-content-background-meta":{"desktop":{"background-color":"var(--ast-global-color-5)","background-image":"","background-repeat":"repeat","background-position":"center center","background-size":"auto","background-attachment":"scroll","background-type":"","background-media":"","overlay-type":"","overlay-color":"","overlay-opacity":"","overlay-gradient":""},"tablet":{"background-color":"var(--ast-global-color-5)","background-image":"","background-repeat":"repeat","background-position":"center center","background-size":"auto","background-attachment":"scroll","background-type":"","background-media":"","overlay-type":"","overlay-color":"","overlay-opacity":"","overlay-gradient":""},"mobile":{"background-color":"var(--ast-global-color-5)","background-image":"","background-repeat":"repeat","background-position":"center center","background-size":"auto","background-attachment":"scroll","background-type":"","background-media":"","overlay-type":"","overlay-color":"","overlay-opacity":"","overlay-gradient":""}}},"product_brand":[],"product_cat":[40,23],"product_tag":[37,81,38],"class_list":{"0":"post-2593","1":"product","2":"type-product","3":"status-publish","4":"has-post-thumbnail","6":"product_cat-earrings","7":"product_cat-etno-fletno","8":"product_tag-earrings","9":"product_tag-trutamora","10":"product_tag-uhani","11":"desktop-align-left","12":"tablet-align-left","13":"mobile-align-left","15":"first","16":"outofstock","17":"featured","18":"sold-individually","19":"purchasable","20":"product-type-simple"},"_links":{"self":[{"href":"https:\/\/lisicavolk.com\/slo\/wp-json\/wp\/v2\/product\/2593","targetHints":{"allow":["GET"]}}],"collection":[{"href":"https:\/\/lisicavolk.com\/slo\/wp-json\/wp\/v2\/product"}],"about":[{"href":"https:\/\/lisicavolk.com\/slo\/wp-json\/wp\/v2\/types\/product"}],"replies":[{"embeddable":true,"href":"https:\/\/lisicavolk.com\/slo\/wp-json\/wp\/v2\/comments?post=2593"}],"version-history":[{"count":2,"href":"https:\/\/lisicavolk.com\/slo\/wp-json\/wp\/v2\/product\/2593\/revisions"}],"predecessor-version":[{"id":2908,"href":"https:\/\/lisicavolk.com\/slo\/wp-json\/wp\/v2\/product\/2593\/revisions\/2908"}],"wp:featuredmedia":[{"embeddable":true,"href":"https:\/\/lisicavolk.com\/slo\/wp-json\/wp\/v2\/media\/2557"}],"wp:attachment":[{"href":"https:\/\/lisicavolk.com\/slo\/wp-json\/wp\/v2\/media?parent=2593"}],"wp:term":[{"taxonomy":"product_brand","embeddable":true,"href":"https:\/\/lisicavolk.com\/slo\/wp-json\/wp\/v2\/product_brand?post=2593"},{"taxonomy":"product_cat","embeddable":true,"href":"https:\/\/lisicavolk.com\/slo\/wp-json\/wp\/v2\/product_cat?post=2593"},{"taxonomy":"product_tag","embeddable":true,"href":"https:\/\/lisicavolk.com\/slo\/wp-json\/wp\/v2\/product_tag?post=2593"}],"curies":[{"name":"wp","href":"https:\/\/api.w.org\/{rel}","templated":true}]}}