{"id":2410,"date":"2020-12-18T09:37:12","date_gmt":"2020-12-18T08:37:12","guid":{"rendered":"https:\/\/lisicavolk.com\/?post_type=product&#038;p=2410"},"modified":"2026-02-05T15:02:57","modified_gmt":"2026-02-05T14:02:57","slug":"trutamora-necklace","status":"publish","type":"product","link":"https:\/\/lisicavolk.com\/slo\/izdelek\/trutamora-necklace\/","title":{"rendered":"Trutamora | Ogrlica"},"content":{"rendered":"<p>Ogrlica iz orehovega lesa, za\u0161\u010ditena z lanenim oljem.<\/p>\n<p>Z nastavljivo vrvico iz povo\u0161\u010denega bomba\u017ea v razli\u010dnih barvah.<\/p>\n<p><img decoding=\"async\" class=\"emoji\" role=\"img\" draggable=\"false\" src=\"https:\/\/s.w.org\/images\/core\/emoji\/13.0.0\/svg\/1f30a.svg\" alt=\"\ud83c\udf0a\" \/>\u00a0\u010ceprav so izdelki za\u0161\u010diteni z  nekaj plastmi lanenega olja, so \u0161e vedno izdelani iz lesa in\u00a0<strong>niso nepremo\u010dljivi<\/strong>.<br \/>\nProsimo, ne potapljajte jih v vodo, raje jih snemite pred plavanjem ali kopanjem.<\/p>\n<p>Izdelki se lahko nekoliko razlikujejo po svoji barvi, saj je vsak kos lesa edinstven s svojimi letnicami, barvo in strukturo.<\/p>","protected":false},"excerpt":{"rendered":"<p>Ogrlica iz orehovega lesa, za\u0161\u010ditena z lanenim oljem.<\/p>\n<p>Z nastavljivo vrvico iz povo\u0161\u010denega bomba\u017ea v razli\u010dnih barvah.<\/p>\n<p>\u201cTrutamora\u201d ali znana preprosto kot \"mora\" je staro ljudsko znamenje, ki ga lahko \u0161e vedno najdemo v starih hi\u0161ah in hlevih, ki so ga v starih \u010dasih slikali in vrezovali na stene, pohi\u0161tvo in vhodna vrata, da bi zavarovali sebe, svojo dru\u017eino, lastnino in \u017eivali pred nesre\u010do, slabim vremenom in drugimi nevarnostmi. V slovenski folklori je bila \"mora\" \u010drna ma\u010dka, ki se je pono\u010di klatila po vaseh in ljudem prinasala nocne more, zato so \"morino taco\" pogosto upodabljali tudi na zibelkah, da bi z njo zavarovali svoje otroke pred negativnimi silami in zlemi duhovi.<br \/>\nNaj varuje tudi tebe in tvoje bli\u017enje pred vsem zlim in nesre\u010do.<\/p>\n<p>Lahki, elegantni, kot nala\u0161\u010d za vsak dan ali posebne prilo\u017enosti.<\/p>\n<p>Na voljo so tudi ujemajo\u010di se uhani.<\/p>\n<p>&nbsp;<\/p>","protected":false},"featured_media":2415,"comment_status":"open","ping_status":"closed","template":"","meta":{"site-sidebar-layout":"no-sidebar","site-content-layout":"default","ast-site-content-layout":"default","site-content-style":"default","site-sidebar-style":"default","ast-global-header-display":"","ast-banner-title-visibility":"","ast-main-header-display":"","ast-hfb-above-header-display":"","ast-hfb-below-header-display":"","ast-hfb-mobile-header-display":"","site-post-title":"","ast-breadcrumbs-content":"","ast-featured-img":"","footer-sml-layout":"","ast-disable-related-posts":"","theme-transparent-header-meta":"default","adv-header-id-meta":"","stick-header-meta":"","header-above-stick-meta":"","header-main-stick-meta":"","header-below-stick-meta":"","astra-migrate-meta-layouts":"default","ast-page-background-enabled":"default","ast-page-background-meta":{"desktop":{"background-color":"","background-image":"","background-repeat":"repeat","background-position":"center center","background-size":"auto","background-attachment":"scroll","background-type":"","background-media":"","overlay-type":"","overlay-color":"","overlay-opacity":"","overlay-gradient":""},"tablet":{"background-color":"","background-image":"","background-repeat":"repeat","background-position":"center center","background-size":"auto","background-attachment":"scroll","background-type":"","background-media":"","overlay-type":"","overlay-color":"","overlay-opacity":"","overlay-gradient":""},"mobile":{"background-color":"","background-image":"","background-repeat":"repeat","background-position":"center center","background-size":"auto","background-attachment":"scroll","background-type":"","background-media":"","overlay-type":"","overlay-color":"","overlay-opacity":"","overlay-gradient":""}},"ast-content-background-meta":{"desktop":{"background-color":"var(--ast-global-color-5)","background-image":"","background-repeat":"repeat","background-position":"center center","background-size":"auto","background-attachment":"scroll","background-type":"","background-media":"","overlay-type":"","overlay-color":"","overlay-opacity":"","overlay-gradient":""},"tablet":{"background-color":"var(--ast-global-color-5)","background-image":"","background-repeat":"repeat","background-position":"center center","background-size":"auto","background-attachment":"scroll","background-type":"","background-media":"","overlay-type":"","overlay-color":"","overlay-opacity":"","overlay-gradient":""},"mobile":{"background-color":"var(--ast-global-color-5)","background-image":"","background-repeat":"repeat","background-position":"center center","background-size":"auto","background-attachment":"scroll","background-type":"","background-media":"","overlay-type":"","overlay-color":"","overlay-opacity":"","overlay-gradient":""}}},"product_brand":[],"product_cat":[23,41],"product_tag":[76,77],"class_list":{"0":"post-2410","1":"product","2":"type-product","3":"status-publish","4":"has-post-thumbnail","6":"product_cat-etno-fletno","7":"product_cat-necklace","8":"product_tag-necklace","9":"product_tag-ornament","10":"desktop-align-left","11":"tablet-align-left","12":"mobile-align-left","14":"first","15":"outofstock","16":"sold-individually","17":"purchasable","18":"product-type-variable"},"_links":{"self":[{"href":"https:\/\/lisicavolk.com\/slo\/wp-json\/wp\/v2\/product\/2410","targetHints":{"allow":["GET"]}}],"collection":[{"href":"https:\/\/lisicavolk.com\/slo\/wp-json\/wp\/v2\/product"}],"about":[{"href":"https:\/\/lisicavolk.com\/slo\/wp-json\/wp\/v2\/types\/product"}],"replies":[{"embeddable":true,"href":"https:\/\/lisicavolk.com\/slo\/wp-json\/wp\/v2\/comments?post=2410"}],"version-history":[{"count":4,"href":"https:\/\/lisicavolk.com\/slo\/wp-json\/wp\/v2\/product\/2410\/revisions"}],"predecessor-version":[{"id":2421,"href":"https:\/\/lisicavolk.com\/slo\/wp-json\/wp\/v2\/product\/2410\/revisions\/2421"}],"wp:featuredmedia":[{"embeddable":true,"href":"https:\/\/lisicavolk.com\/slo\/wp-json\/wp\/v2\/media\/2415"}],"wp:attachment":[{"href":"https:\/\/lisicavolk.com\/slo\/wp-json\/wp\/v2\/media?parent=2410"}],"wp:term":[{"taxonomy":"product_brand","embeddable":true,"href":"https:\/\/lisicavolk.com\/slo\/wp-json\/wp\/v2\/product_brand?post=2410"},{"taxonomy":"product_cat","embeddable":true,"href":"https:\/\/lisicavolk.com\/slo\/wp-json\/wp\/v2\/product_cat?post=2410"},{"taxonomy":"product_tag","embeddable":true,"href":"https:\/\/lisicavolk.com\/slo\/wp-json\/wp\/v2\/product_tag?post=2410"}],"curies":[{"name":"wp","href":"https:\/\/api.w.org\/{rel}","templated":true}]}}