{"id":2166,"date":"2020-12-04T15:01:59","date_gmt":"2020-12-04T14:01:59","guid":{"rendered":"https:\/\/lisicavolk.com\/?post_type=product&#038;p=2166"},"modified":"2026-02-05T15:00:18","modified_gmt":"2026-02-05T14:00:18","slug":"dipper-badge","status":"publish","type":"product","link":"https:\/\/lisicavolk.com\/slo\/izdelek\/dipper-badge\/","title":{"rendered":"Povodni kos | Bro\u0161ka"},"content":{"rendered":"<p>Bro\u0161ka iz orehovega lesa, ro\u010dno poslikana in za\u0161\u010ditena z lakom.<\/p>\n<p>Povodni kos je edina ptica pevka, ki ne samo dobro plava, ampak se tudi zelo spretno potaplja. Zna\u010dilen za hitro teko\u010de reke in potoke ga lahko opazimo, ko hitro leti in se z majhnim pljuskom potopi  v vodo.<\/p>\n<p>\ud83c\udf0a Za\u0161\u010ditena z nekaj plastmi laka, vendar bro\u0161ka, v nasprotju s povodnim kosom <strong>niso nepremo\u010dljivi<\/strong>.<br \/>\nProsimo, ne potapljajte jih v vodo, raje jih snemite pred plavanjem ali kopanjem.<\/p>","protected":false},"excerpt":{"rendered":"<p>Bro\u0161ka iz orehovega lesa, ro\u010dno poslikana in za\u0161\u010ditena z lakom.<\/p>\n<p>Povodni kos je edina ptica pevka, ki ne samo dobro plava, ampak se tudi zelo spretno potaplja. Zna\u010dilen za hitro teko\u010de reke in potoke ga lahko opazimo, ko hitro leti in se z majhnim pljuskom potopi  v vodo.<\/p>","protected":false},"featured_media":2168,"comment_status":"open","ping_status":"closed","template":"","meta":{"site-sidebar-layout":"default","site-content-layout":"default","ast-site-content-layout":"default","site-content-style":"default","site-sidebar-style":"default","ast-global-header-display":"","ast-banner-title-visibility":"","ast-main-header-display":"","ast-hfb-above-header-display":"","ast-hfb-below-header-display":"","ast-hfb-mobile-header-display":"","site-post-title":"","ast-breadcrumbs-content":"","ast-featured-img":"","footer-sml-layout":"","ast-disable-related-posts":"","theme-transparent-header-meta":"default","adv-header-id-meta":"","stick-header-meta":"","header-above-stick-meta":"","header-main-stick-meta":"","header-below-stick-meta":"","astra-migrate-meta-layouts":"default","ast-page-background-enabled":"default","ast-page-background-meta":{"desktop":{"background-color":"","background-image":"","background-repeat":"repeat","background-position":"center center","background-size":"auto","background-attachment":"scroll","background-type":"","background-media":"","overlay-type":"","overlay-color":"","overlay-opacity":"","overlay-gradient":""},"tablet":{"background-color":"","background-image":"","background-repeat":"repeat","background-position":"center center","background-size":"auto","background-attachment":"scroll","background-type":"","background-media":"","overlay-type":"","overlay-color":"","overlay-opacity":"","overlay-gradient":""},"mobile":{"background-color":"","background-image":"","background-repeat":"repeat","background-position":"center center","background-size":"auto","background-attachment":"scroll","background-type":"","background-media":"","overlay-type":"","overlay-color":"","overlay-opacity":"","overlay-gradient":""}},"ast-content-background-meta":{"desktop":{"background-color":"var(--ast-global-color-5)","background-image":"","background-repeat":"repeat","background-position":"center center","background-size":"auto","background-attachment":"scroll","background-type":"","background-media":"","overlay-type":"","overlay-color":"","overlay-opacity":"","overlay-gradient":""},"tablet":{"background-color":"var(--ast-global-color-5)","background-image":"","background-repeat":"repeat","background-position":"center center","background-size":"auto","background-attachment":"scroll","background-type":"","background-media":"","overlay-type":"","overlay-color":"","overlay-opacity":"","overlay-gradient":""},"mobile":{"background-color":"var(--ast-global-color-5)","background-image":"","background-repeat":"repeat","background-position":"center center","background-size":"auto","background-attachment":"scroll","background-type":"","background-media":"","overlay-type":"","overlay-color":"","overlay-opacity":"","overlay-gradient":""}}},"product_brand":[],"product_cat":[42,24,27,44],"product_tag":[50,51,48,49],"class_list":{"0":"post-2166","1":"product","2":"type-product","3":"status-publish","4":"has-post-thumbnail","6":"product_cat-badge","7":"product_cat-collections","8":"product_cat-flora-fauna","9":"product_cat-jewellery","10":"product_tag-badge","11":"product_tag-broska","12":"product_tag-dipper","13":"product_tag-povodni-kos","14":"desktop-align-left","15":"tablet-align-left","16":"mobile-align-left","18":"first","19":"outofstock","20":"purchasable","21":"product-type-simple"},"_links":{"self":[{"href":"https:\/\/lisicavolk.com\/slo\/wp-json\/wp\/v2\/product\/2166","targetHints":{"allow":["GET"]}}],"collection":[{"href":"https:\/\/lisicavolk.com\/slo\/wp-json\/wp\/v2\/product"}],"about":[{"href":"https:\/\/lisicavolk.com\/slo\/wp-json\/wp\/v2\/types\/product"}],"replies":[{"embeddable":true,"href":"https:\/\/lisicavolk.com\/slo\/wp-json\/wp\/v2\/comments?post=2166"}],"version-history":[{"count":2,"href":"https:\/\/lisicavolk.com\/slo\/wp-json\/wp\/v2\/product\/2166\/revisions"}],"predecessor-version":[{"id":2183,"href":"https:\/\/lisicavolk.com\/slo\/wp-json\/wp\/v2\/product\/2166\/revisions\/2183"}],"wp:featuredmedia":[{"embeddable":true,"href":"https:\/\/lisicavolk.com\/slo\/wp-json\/wp\/v2\/media\/2168"}],"wp:attachment":[{"href":"https:\/\/lisicavolk.com\/slo\/wp-json\/wp\/v2\/media?parent=2166"}],"wp:term":[{"taxonomy":"product_brand","embeddable":true,"href":"https:\/\/lisicavolk.com\/slo\/wp-json\/wp\/v2\/product_brand?post=2166"},{"taxonomy":"product_cat","embeddable":true,"href":"https:\/\/lisicavolk.com\/slo\/wp-json\/wp\/v2\/product_cat?post=2166"},{"taxonomy":"product_tag","embeddable":true,"href":"https:\/\/lisicavolk.com\/slo\/wp-json\/wp\/v2\/product_tag?post=2166"}],"curies":[{"name":"wp","href":"https:\/\/api.w.org\/{rel}","templated":true}]}}