{"id":1934,"date":"2020-12-02T12:26:19","date_gmt":"2020-12-02T12:26:19","guid":{"rendered":"https:\/\/lisicavolk.com\/?page_id=1934"},"modified":"2021-07-06T17:49:28","modified_gmt":"2021-07-06T16:49:28","slug":"terms-conditions","status":"publish","type":"page","link":"https:\/\/lisicavolk.com\/slo\/terms-conditions\/","title":{"rendered":"Pogoji poslovanja"},"content":{"rendered":"<div data-elementor-type=\"wp-page\" data-elementor-id=\"1934\" class=\"elementor elementor-1934\" data-elementor-post-type=\"page\">\n\t\t\t\t\t\t<section class=\"elementor-section elementor-top-section elementor-element elementor-element-5c8d7475 elementor-section-boxed elementor-section-height-default elementor-section-height-default\" data-id=\"5c8d7475\" data-element_type=\"section\" data-e-type=\"section\">\n\t\t\t\t\t\t<div class=\"elementor-container elementor-column-gap-default\">\n\t\t\t\t\t<div class=\"elementor-column elementor-col-100 elementor-top-column elementor-element elementor-element-27a33b84\" data-id=\"27a33b84\" data-element_type=\"column\" data-e-type=\"column\">\n\t\t\t<div class=\"elementor-widget-wrap elementor-element-populated\">\n\t\t\t\t\t\t<div class=\"elementor-element elementor-element-8939664 elementor-widget elementor-widget-text-editor\" data-id=\"8939664\" data-element_type=\"widget\" data-e-type=\"widget\" data-widget_type=\"text-editor.default\">\n\t\t\t\t<div class=\"elementor-widget-container\">\n\t\t\t\t\t\t\t\t\t<p><\/p>\n<p><\/p>\n<p><\/p>\n<p>Lisicavolk.com je spletna trgovina, ki jo upravlja Lisica &amp; Volk, oblikovanje, Anja Pitamic s.p. Samostojni podjetnik ima sede\u017e Alojza Rabi\u010da 27, 4281 Mojstrana, Slovenija. Dav\u010dna \u0161tevilka 70153906, registrska \u0161tevilka 8688800000. Na\u0161e podjetje ni zavezanec  za davek na dodano vrednost (DDV), zato davek ni obra\u010dunan. Splo\u0161ni pogoji poslovanja dolo\u010dajo delovanje spletne trgovine ter pravice in obveznosti uporabnika in ponudnika. V \u010dasu naro\u010dila je uporabnik \/ kupec vsaki\u010d opozorjen na splo\u0161ne pogoje poslovanja in z oddajo naro\u010dila potrdi svojo seznanjenost z njimi.<\/p>\n<p><strong>PODATKI O PODJETJU:<\/strong><\/p>\n<ul>\n<li>Polno ime: Lisica &amp; Volk, oblikovanje, Anja Pitamic s.p.<\/li>\n<li>Uli\u010dni naslov: Alojza Rabi\u010da 27, 4281 Mojstrana, Slovenija.<\/li>\n<li>Dav\u010dna \u0161tevilka: 70153906 (podjetje ni zavezanec za obdav\u010ditev dodane vrednosti)<\/li>\n<li>Mati\u010dna \u0161tevilka: 8688800000<\/li>\n<li>E-naslov: info@lisicavolk.com<\/li>\n<li>Telefonska \u0161tevilka: +386 (0) 41 826 602<\/li>\n<li>IBAN ban\u010dni ra\u010dun: IBAN SI56 0400 1004 8162 720, NKBM BIC\/SWIFT: KBMASI2X\u00a0<\/li>\n<\/ul>\n<ul>\n<li>Organ za registracijo: AJPES, izpostava Kranj. Datum registracije: 04.08.2020<\/li>\n<\/ul>\n<p><\/p>\n<p><\/p>\n<p><strong>PRITO\u017dBE IN SPORI<\/strong><\/p>\n<p>Ponudnik spo\u0161tuje obstoje\u010do zakonodajo o varstvu potro\u0161nikov. Ponudnik si po najbolj\u0161ih mo\u010deh prizadeva izpolniti svojo dol\u017enost, da vzpostavi u\u010dinkovit sistem obravnavanja prito\u017eb. Prito\u017ebo je treba oddati po elektronski po\u0161ti (info@lisicavolk.com) ali pisno na naslov ponudnika, ki je prikazan na spletni strani ponudnika. Postopek obravnave prito\u017ebe je zaupen. Zato bo ponudnik po svojih najbolj\u0161ih mo\u010deh re\u0161il morebitne spore z medsebojnim dogovorom ali izvensodno poravnavo.<\/p>\n<p><strong>ZUNANJSKO RE\u0160EVANJE POTRO\u0160NI\u0160KIH SPOROV<\/strong><\/p>\n<p>V skladu z zakonsko ureditvijo, ki izhaja iz Zakona o izvensodnem re\u0161evanju potro\u0161ni\u0161kih sporov, Uredbe (EU) \u0161t. 524\/2013 Evropskega parlamenta in Sveta o spletnem re\u0161evanju potro\u0161ni\u0161kih sporov (Uredba o SRS potro\u0161nikov) in o spremembi Uredbe (ES) \u0161t. 2016\/2004 in Direktive 2009\/22 \/ ES, Lisica &amp; Volk, oblikovanje, Anja Pitamic s.p., ne prizna nobenega izvajalca izvensodnega re\u0161evanja potro\u0161ni\u0161kih sporov kot pristojnega za re\u0161evanje potro\u0161ni\u0161ki spor, ki bi ga potro\u0161nik lahko spro\u017eil v skladu z Zakonom o izvensodnem re\u0161evanju potro\u0161ni\u0161kih sporov. Povezava do spletne platforme za re\u0161evanje potro\u0161ni\u0161kih sporov je naslednja: http:\/\/ec.europa.eu\/odr.<\/p>\n<p><strong>DOSTAVA<\/strong><\/p>\n<p>Za dostavo kupec izbere svoj naslov ali vnese drug naslov. Kupec izbere na\u010din dostave. Morebitne pripombe skrbniku spletne trgovine lahko vnesete v polje \u00bbopombe\u00ab. Dostavo izdelkov v spletni trgovini izvaja Po\u0161ta Slovenije, doo, ali drug ponudnik dostavnih storitev po pogodbi Lisice &amp; Volk, oblikovanje, Anja Pitamic sp<\/p>\n<p>Ponudnik dostavnih storitev si pridr\u017euje pravico, da na ustrezen na\u010din preveri identiteto prejemnika (dostop do osebnih ali drugih dokumentov), saj to zagotavlja, da je naro\u010deno blago izro\u010deno pravi stranki.<\/p>\n<p><strong>CENE DOSTAVE ZA SLOVENIJO<\/strong><\/p>\n<p>Za vse nakupe nad vrednostjo 40,00 \u20ac je dostava brezpla\u010dna, \u010de je naslov za dostavo v Sloveniji.<strong><br \/><\/strong>Za doma\u010de nakupe do vrednosti 40,00 \u20ac, z neposrednim pla\u010dilom ali pla\u010dilom s kreditno kartico, so stro\u0161ki dostave:<\/p>\n<ul>\n<li><strong>3,50 \u20ac<\/strong><\/li>\n<\/ul>\n<p>Za doma\u010de nakupe do vrednosti 40,00 \u20ac, s pla\u010dilom ob dostavi, so stro\u0161ki dostave:<\/p>\n<ul>\n<li><strong>5,00 \u20ac<\/strong><\/li>\n<\/ul>\n<p><strong>CENE DOSTAVE ZA EVROPSKO UNIJO:<\/strong><\/p>\n<p>Za vse nakupe nad vrednostjo 80,00 \u20ac je dostava brezpla\u010dna preko Po\u0161te Slovenije doo<\/p>\n<p>Za vse nakupe z destinacijo znotraj Evropske unije in do vrednosti 80,00 \u20ac stro\u0161ki dostave:<\/p>\n<ul>\n<li><strong>10,00 \u20ac<\/strong><\/li>\n<\/ul>\n<p><strong>CENE DOSTAVE PO SVETU:<\/strong><\/p>\n<p>Za vse nakupe nad vrednostjo 120,00 \u20ac je dostava brezpla\u010dna preko Po\u0161te Slovenije doo<\/p>\n<p>Za vse nakupe z destinacijo znotraj Evropske unije in do vrednosti 120,00 \u20ac stro\u0161ki dostave:<\/p>\n<ul>\n<li><strong>15,00 \u20ac<\/strong><\/li>\n<\/ul>\n<p><strong>PLA\u010cILO - SLOVENIJA IN ZUNAJ<\/strong><\/p>\n<p>Pla\u010dilo se izvede na enega od naslednjih na\u010dinov: pla\u010dilo po predra\u010dunu, neposreden prenos kartice prek spletnega sistema Stripe ali Pay Pal.<\/p>\n<p><strong>PRAVICA DO ODSTOPA OD NAKUPA IN VRNITVE BLAGA<\/strong><\/p>\n<p>Potro\u0161nik ima pravico do odstopa od pogodbe na daljavo, torej od spletnega nakupa, v 14 dneh, ne da bi navedel razlog.<\/p>\n<p>Karenca pote\u010de 14 dni od datuma, ko potro\u0161nik pridobi fizi\u010dno last blaga ali ga tretja oseba pridobi namesto potro\u0161nika, pri \u010demer je tretja oseba katera koli druga stranka, ki ni prevoznik in jo potro\u0161nik dolo\u010di v ta namen. V primeru delnih dobav kosov blaga iz ene pogodbe je obdobje 14 dni od datuma, ko potro\u0161nik pridobi fizi\u010dni posest zadnjega blaga ali ga tretja oseba pridobi namesto potro\u0161nika, tretje osebe je katera koli druga stranka kot prevoznik in jo potro\u0161nik v ta namen dolo\u010di. Za uveljavitev pravice do odstopa mora potro\u0161nik z nedvoumno izjavo obvestiti podjetje Lisica &amp; Volk, oblikovanje, Anja Pitamic sp o svoji odlo\u010ditvi o odstopu od te pogodbe (npr. s pismom, poslanim po po\u0161ti ali e-po\u0161ti) . Ne glede na obliko odpovedi mora potro\u0161nik podjetju posredovati kopijo ra\u010duna. Da bi upo\u0161tevali rok za odstop od pogodbe, zado\u0161\u010da, da se obvestilo o uveljavljanju potro\u0161nikove pravice do odstopa od pogodbe po\u0161lje pred iztekom odstopnega roka od te pogodbe.<\/p>\n<p><strong>U\u010cINKI ODSTOPA OD POGODBE<\/strong><\/p>\n<p>\u010ce potro\u0161nik odstopi od te pogodbe, bo podjetje brez nepotrebnega odla\u0161anja in v vsakem primeru povrnilo vsa prejeta pla\u010dila, vklju\u010dno s stro\u0161ki dostave, v 14 dneh od datuma prejema obvestila o odstopu od te pogodbe (brez stro\u0161kov nastalih pri izbiri vrste dostave, ki ni najcenej\u0161a standardna mo\u017enost za dostavo, ki ga ponuja podjetje). Tak\u0161no povra\u010dilo mora dru\u017eba izvesti z istim pla\u010dilnim instrumentom, kot se uporablja pri izvedbi prvotne transakcije, razen \u010de ni izrecno druga\u010de dogovorjeno; v vsakem primeru potro\u0161nik zaradi tega povra\u010dila ne nosi nobenih stro\u0161kov. Podjetje lahko zadr\u017ei pla\u010dilo, dokler ne prejme vrnjenega blaga ali dokler potro\u0161nik ne po\u0161lje dokazil, da je bilo blago poslano nazaj, odvisno od tega, kateri dogodek se zgodi prej. Potro\u0161nik mora blago vrniti ali dostaviti podjetju, ki ga je dostavilo potro\u0161niku, brez nepotrebnega odla\u0161anja in v vsakem primeru najpozneje v 14 dneh od dneva, ko je potro\u0161nik obvestil podjetje o odstopu od pogodbe. Rok se upo\u0161teva, \u010de potro\u0161nik blago po\u0161lje nazaj pred potekom 14-dnevnega obdobja.<\/p>\n<p><strong>POGOJI VRA\u010cILA BLAGA (OMEJITVE IZVAJANJA PRAVICE DO UMIKA)<\/strong><\/p>\n<p>Neposredne stro\u0161ke vra\u010dila blaga nosi potro\u0161nik.<\/p>\n<p>Potro\u0161nik je odgovoren za zni\u017eano vrednost blaga samo v primeru ravnanja z blagom na na\u010dine, ki niso nujno potrebni za dolo\u010ditev njegove narave, lastnosti in delovanja. Vrnjeni izdelki morajo biti neuporabljeni, nepo\u0161kodovani in v originalni embala\u017ei.<\/p>\n<p>Mo\u017enost vra\u010dila ne velja<\/p>\n<ul>\n<li>Za hitro pokvarljivo blago ali blago s potekom roka uporabnosti (v \u010dasu vra\u010dila);<\/li>\n<li>Za zape\u010dateno blago, ki ni primerno za odpla\u010dilo zaradi varovanja zdravja ali higiene, \u010de je potro\u0161nik pe\u010dat odprl po dostavi.<\/li>\n<\/ul>\n<p><strong>ODGOVORNOST ZA NAPAKE<\/strong><\/p>\n<p>Ugotavljanje napake. Napaka je potrjena, \u010de:<\/p>\n<ul>\n<li>Izdelek nima lastnosti, potrebnih za normalno uporabo;<\/li>\n<li>Izdelek nima lastnosti, potrebnih za dolo\u010deno uporabo, za katero ga je kupec kupil in ki jih je prodajalec vedel ali bi moral vedeti;<\/li>\n<li>Izdelek nima lastnosti ali lastnosti, ki so bile izrecno ali tiho dogovorjene ali predpisane;<\/li>\n<li>Ponudnik je dostavil izdelek, ki se ne ujema z vzorcem ali modelom, razen \u010de je bil vzorec ali model prikazan samo za ponazoritev.<\/li>\n<\/ul>\n<p>Preverjanje ustreznosti izdelka<\/p>\n<p>Primernost izdelka za normalno uporabo se oceni glede na normalno blago iste vrste in ob upo\u0161tevanju izjave prodajalca o zna\u010dilnostih blaga, ki jo predlo\u017ei prodajalec ali proizvajalec, zlasti z ogla\u0161evanjem, predstavitvijo izdelka ali navedbami na blago.<\/p>\n<p>Uresni\u010devanje lastnih pravic v primeru napake<br \/>Kupec mora ponudnika o morebitni napaki obvestiti v zakonsko dolo\u010denem roku na stro\u0161ke kupca. Obvestilo mora vsebovati natan\u010den opis napake. Kupec mora ponudniku omogo\u010diti pregled izdelka.<\/p>\n<p>Pravice, ki jih je treba uveljaviti v primeru napake, so podrobneje opredeljene v Zakonu o varstvu potro\u0161nikov.<\/p>\n<p><strong>VELJAVNOST PONUDBE<\/strong><\/p>\n<p>Za nakup veljajo cene, ki veljajo v \u010dasu potrditve naro\u010dila. Cene ne vklju\u010dujejo DDV, saj nismo zavezanci za obdav\u010ditev DDV. Cene se lahko spremenijo brez predhodnega obvestila. Cene veljajo samo za nakupe v spletni trgovini lisicavolk.com in se lahko razlikujejo od obi\u010dajnih cen. Pridr\u017eujemo si pravico do sprememb tehni\u010dnih opisov in konfiguracij brez predhodnega obvestila. Slike so lahko samo simboli\u010dne in ne odra\u017eajo vedno dejanskega stanja kot celote.<\/p>\n<p><strong>ARHIVIRANJE POGODBE<\/strong><\/p>\n<p>Pogodba, sklenjena med kupcem in prodajalcem, je arhivirana na naslovu Lisica &amp; Volk, oblikovanje, Anja Pitamic sp, Alojza Rabi\u010da 27, 4281 Mojstrana, Slovenija. Kopijo pogodbe lahko kupec dobi z e-po\u0161tno zahtevo na: info info@lisicavolk.com.<\/p>\n<p><strong>VARSTVO OSEBNIH PODATKOV<\/strong><\/p>\n<p>Z lisicavolk.com so va\u0161i osebni podatki za\u0161\u010diteni pred tretjimi osebami in se bodo uporabljali samo za storitve, ki jih nudijo Lisica &amp; Volk, oblikovanje, Anja Pitamic sp<\/p>\n<p><strong>POSEBNE PONUDBE<\/strong><\/p>\n<p>Akcije veljajo v \u010dasu trajanja ali do razprodaje zalog v tem obdobju.<\/p>\n<p>\u00a0<\/p>\n<p><strong>PRAVNA PODLAGA<\/strong><\/p>\n<p>Splo\u0161ni pogoji spletne trgovine lisicavolk.com so v skladu z Obligacijskim zakonikom Republike Slovenije, Zakonom o varstvu potro\u0161nikov (ZVOP-1), priporo\u010dili Slovenske gospodarske zbornice in mednarodnimi kodeksi za e-poslovanje.<\/p>\n<p><\/p>\t\t\t\t\t\t\t\t<\/div>\n\t\t\t\t<\/div>\n\t\t\t\t\t<\/div>\n\t\t<\/div>\n\t\t\t\t\t<\/div>\n\t\t<\/section>\n\t\t\t\t<\/div>","protected":false},"excerpt":{"rendered":"<p>Lisicavolk.com is an online store is managed by Lisica &amp; Volk, oblikovanje, Anja Pitamic s.p. The sole proprietor is seated Alojza Rabi\u010da 27, 4281 Mojstrana, Slovenia. Tax number 70153906, registration number 8688800000. Our company is not liable to value added taxation, so the tax is not calculated. The general terms determine the functioning of the [&hellip;]<\/p>","protected":false},"author":1,"featured_media":0,"parent":0,"menu_order":0,"comment_status":"closed","ping_status":"closed","template":"","meta":{"site-sidebar-layout":"default","site-content-layout":"default","ast-site-content-layout":"default","site-content-style":"default","site-sidebar-style":"default","ast-global-header-display":"","ast-banner-title-visibility":"","ast-main-header-display":"","ast-hfb-above-header-display":"","ast-hfb-below-header-display":"","ast-hfb-mobile-header-display":"","site-post-title":"","ast-breadcrumbs-content":"","ast-featured-img":"disabled","footer-sml-layout":"","ast-disable-related-posts":"","theme-transparent-header-meta":"default","adv-header-id-meta":"","stick-header-meta":"","header-above-stick-meta":"","header-main-stick-meta":"","header-below-stick-meta":"","astra-migrate-meta-layouts":"default","ast-page-background-enabled":"default","ast-page-background-meta":{"desktop":{"background-color":"","background-image":"","background-repeat":"repeat","background-position":"center center","background-size":"auto","background-attachment":"scroll","background-type":"","background-media":"","overlay-type":"","overlay-color":"","overlay-opacity":"","overlay-gradient":""},"tablet":{"background-color":"","background-image":"","background-repeat":"repeat","background-position":"center center","background-size":"auto","background-attachment":"scroll","background-type":"","background-media":"","overlay-type":"","overlay-color":"","overlay-opacity":"","overlay-gradient":""},"mobile":{"background-color":"","background-image":"","background-repeat":"repeat","background-position":"center center","background-size":"auto","background-attachment":"scroll","background-type":"","background-media":"","overlay-type":"","overlay-color":"","overlay-opacity":"","overlay-gradient":""}},"ast-content-background-meta":{"desktop":{"background-color":"var(--ast-global-color-5)","background-image":"","background-repeat":"repeat","background-position":"center center","background-size":"auto","background-attachment":"scroll","background-type":"","background-media":"","overlay-type":"","overlay-color":"","overlay-opacity":"","overlay-gradient":""},"tablet":{"background-color":"var(--ast-global-color-5)","background-image":"","background-repeat":"repeat","background-position":"center center","background-size":"auto","background-attachment":"scroll","background-type":"","background-media":"","overlay-type":"","overlay-color":"","overlay-opacity":"","overlay-gradient":""},"mobile":{"background-color":"var(--ast-global-color-5)","background-image":"","background-repeat":"repeat","background-position":"center center","background-size":"auto","background-attachment":"scroll","background-type":"","background-media":"","overlay-type":"","overlay-color":"","overlay-opacity":"","overlay-gradient":""}},"footnotes":""},"class_list":["post-1934","page","type-page","status-publish","hentry"],"_links":{"self":[{"href":"https:\/\/lisicavolk.com\/slo\/wp-json\/wp\/v2\/pages\/1934","targetHints":{"allow":["GET"]}}],"collection":[{"href":"https:\/\/lisicavolk.com\/slo\/wp-json\/wp\/v2\/pages"}],"about":[{"href":"https:\/\/lisicavolk.com\/slo\/wp-json\/wp\/v2\/types\/page"}],"author":[{"embeddable":true,"href":"https:\/\/lisicavolk.com\/slo\/wp-json\/wp\/v2\/users\/1"}],"replies":[{"embeddable":true,"href":"https:\/\/lisicavolk.com\/slo\/wp-json\/wp\/v2\/comments?post=1934"}],"version-history":[{"count":21,"href":"https:\/\/lisicavolk.com\/slo\/wp-json\/wp\/v2\/pages\/1934\/revisions"}],"predecessor-version":[{"id":2800,"href":"https:\/\/lisicavolk.com\/slo\/wp-json\/wp\/v2\/pages\/1934\/revisions\/2800"}],"wp:attachment":[{"href":"https:\/\/lisicavolk.com\/slo\/wp-json\/wp\/v2\/media?parent=1934"}],"curies":[{"name":"wp","href":"https:\/\/api.w.org\/{rel}","templated":true}]}}